0. Let u = 12 + t. Let p(d) = d**3 - d**2 - d - 3. Give p(u).
-3
Let h(n) = -n**3 + 10*n**2 - 9*n - 10. Let j be 4*2 - 3*8/(-24). Calculate h(j).
-10
Let u be (892/28 - -4) + 1/7. Let g be 24/u - 20/(-6). Let v(w) = w**3 - 3*w**2 - 4*w - 1. What is v(g)?
-1
Let y be 130/35 + 6/21. Let b(t) = t + 2. What is b(y)?
6
Let z(q) = -q**2 - q - 1. Let c(h) = -h**3 + 5*h**2 + 2*h + 7. Let d = 10 + -8. Let i(y) = d*z(y) + c(y). Calculate i(4).
-11
Let c be (0 - -1)/((-1)/3). Let m(o) be the first derivative of 16 + o - 1/2*o**2. Give m(c).
4
Let a(r) = -r - 1. Let n be (-1 - 28/(-4)) + -3. Suppose 0 = -n*q - 4*g - 19, 5*g + 14 = -2*q + 2*g. What is a(q)?
0
Let k(t) = t**2 + t - 9. Let y(b) = -b**2 + 9. Let z(v) = -6*k(v) - 5*y(v). Suppose 0 = 5*w - 3*u + 44, -86 = 5*w + 3*u - 20*u. Give z(w).
2
Let o(i) = 3*i**3 + i**2 - 3*i - 2. Let g(x) = 2*x**3 - 3*x - 2. Let z(p) = 5*g(p) - 4*o(p). Suppose -k + 13 = -3*y, 2*k - 17 = 3*y - 0*y. Give z(y).
25
Let m(l) = -425*l**2 + l + 7*l + 426*l**2 + 2. Give m(-6).
-10
Suppose -1 = 5*l + 3*x, -7 = 5*l + 5*x - 2. Let r(g) = 2*g**3 - l + 4*g**3 - 11*g**3 + 2*g**2. Give r(-1).
6
Suppose 0 = 3*t - 8*t - 10. Let i(r) = -2*r - 3. Let u(f) = f**2 - 6*f - 11. Let l(z) = -7*i(z) + 2*u(z). Give l(t).
3
Let c(r) = -r - 7. Let t(k) = 2*k + 13. Let b(h) = 5*c(h) + 3*t(h). Let q be 168/(-30) - 4/10. Let x(d) = d**3 + 5*d**2 - 5*d. Let j be x(q). Determine b(j).
-2
Let l(w) be the first derivative of 3*w**2/2 + 2. Let s(v) = -v. Let c(m) = 2*l(m) + 5*s(m). Suppose -2 = 5*o + 8. What is c(o)?
-2
Let i(d) = 6*d**3 - d**2 - d - 1. Let c(l) = -38*l**2 - l - 4*l + 37*l**2. Let m be c(-4). Suppose h + m = -3*h. Calculate i(h).
-7
Let o(n) = -n**3 + 4*n**2 + n - 2. Let j be (-1778)/(-42)*(-1 + 4). Let b = 129 - j. Give o(b).
8
Let c(v) be the second derivative of -v**3/6 - 11*v**2/2 - 16*v. Let n be c(-9). Let m(o) = 3*o**2 - o - 2. Give m(n).
12
Let b(q) = -2*q + 3. Let i(v) = -5*v + 11. Let g(j) = 8*b(j) - 3*i(j). What is g(-11)?
2
Let f(g) = -2*g**2 + 9*g - 15. Let z(j) = -j**2 + 5*j - 8. Let n = 70 + -74. Let m(t) = n*f(t) + 9*z(t). Give m(8).
-4
Let j(u) = 3*u**2 - 7*u + 3. Let k(w) = -15*w + 198. Let i be k(13). Give j(i).
9
Suppose -3*i + 3*a = 6, a + 20 = 5*a. Let c(t) = -t**3 + 6*t - 6. What is c(i)?
-15
Suppose o - 16 = 4*l, o + l - 4 = 2*l. Let g be o/(0 - (0 - -2)). Let s(q) = q - 2. Let h(b) = -6*b + 10. Let i(n) = -2*h(n) - 11*s(n). What is i(g)?
2
Let u = -160 - -154. Let p(q) = q**3 + 6*q**2 + 6*q + 3. Calculate p(u).
-33
Let z be (6/4)/(2/(-4)). Let v(c) be the third derivative of -c**5/60 - c**4/24 + c**3/6 + 3*c**2. Calculate v(z).
-5
Let k(d) = -26*d - 31. Let t(v) = -9*v - 11. Let n(r) = -6*k(r) + 17*t(r). Suppose 4 = z + z. Determine n(z).
5
Let n(s) = -s - 6. Suppose -5*c = -p + 6090, 4*p + 957 = 4*c + 5829. Let t be c/77 + 4/(-22). Let a = -21 - t. Determine n(a).
-1
Let r be 0 + 980/126 - 2/(-9). Let b(m) = 3*m - 7. Let p(l) = 1. Let q(c) = 5*c - 7. Let n(h) = 3*p(h) - q(h). Let x(i) = r*b(i) + 5*n(i). Determine x(-7).
1
Suppose 3*g - 4*d + 0*d = -24, 3*d = -3*g - 24. Let t(f) = f**3 + 8*f**2 + 1. Determine t(g).
1
Let f(c) = c**2 - c + 1. Let v(r) = -r**2 + r. Let b(p) = -2*f(p) - 3*v(p). Determine b(7).
40
Let x be (0 + 60)*60/240. Let d(m) = -m**2 + 15*m - 2. Calculate d(x).
-2
Let n(h) = h**2 + h - 1. Suppose 0 = 7*w + 2196 - 2210. Give n(w).
5
Let b(c) = -3*c**3 + 3*c + 2. Suppose 574 + 86 = -6*p. Let g = -112 - p. Calculate b(g).
20
Let g(b) = -b + 132 + 138 - 268. Give g(-11).
13
Let p = 1692 - 1699. Let y(s) = -3*s + 8. Let k(r) = 4*r - 9. Let d(x) = 4*k(x) + 5*y(x). Determine d(p).
-3
Let m(j) = -j**3 - 13*j**2 - 4*j + 72. Let c be m(-12). Let f(x) = 2*x + 39. What is f(c)?
-9
Let i(h) be the second derivative of h**4/6 - 2*h**3/3 - 148*h. Suppose 0 = -2*z - 5*w - 2, 0 = -5*z + z + 4*w - 32. Let c be (2/(-3))/(z/27). Calculate i(c).
6
Suppose a + 3 = 4*f, -3*f = 9*a - 8*a - 11. Let k(j) = j**3 - 7*j**2 + 10*j + 1. Calculate k(a).
1
Let b(n) = -7*n - 28 + n**2 + 0*n**2 + 33 - 6*n. What is b(13)?
5
Let v(y) be the first derivative of -7 - 5/2*y**2 + 0*y - 1/3*y**3. Suppose 0*m = 4*k + 4*m + 20, 23 = -3*k + 5*m. Determine v(k).
-6
Let z be 2 + (-18)/12 + (-43)/(-2). Suppose -5*g + g + 92 = 0. Let o(a) = -z*a**3 - 2 + a + 0*a + g*a**3. Give o(0).
-2
Let n(y) = 4*y**3 - 42*y**2 - 86*y + 5. Let k(i) = -i**3 + 14*i**2 + 28*i - 2. Let u(f) = 7*k(f) + 2*n(f). Determine u(-12).
-4
Let m = 2 - 1. Suppose 0 = -2*w - m - 1. Let h(z) be the second derivative of -z**4/12 + z**3/6 + z + 3. Determine h(w).
-2
Let j(k) = -k**3 - 4*k**2 - 8*k - 9. Suppose -38*v - 14 = -31*v. Determine j(v).
-1
Let f(z) be the third derivative of z**5/60 - z**4/6 + z**3 + 9*z**2 + 4*z. Calculate f(5).
11
Let u(y) = -3*y + 6 + y**3 - 3*y**2 - 1 + 4*y - 2*y. Let k be 1/((-4 + 11)/28). Calculate u(k).
17
Let v = -1 - -4. Let c(f) be the second derivative of 0 - 1/2*f**2 - 1/4*f**4 - 23*f + 1/2*f**3 + 1/20*f**5. Calculate c(v).
8
Let v(o) = o**3 + 6*o**2 - 2*o - 7. Suppose -127*j + 170*j = -301. Give v(j).
-42
Let s(w) = 3*w**3 + w**2 - w + 1. Let a(l) = 2*l**3 - l + 1. Let g(z) = -a(z) + s(z). Calculate g(0).
0
Let r(o) = 3*o**2 - o - 1. Let h be r(-1). Let v(j) = -8 + 10 - h + j**2 - 2*j. Suppose 0 = 2*w - 4*x - 1 - 5, w + 4*x - 3 = 0. What is v(w)?
2
Let p(d) be the first derivative of d**3/3 - 11*d**2/2 + 11*d + 97. Give p(8).
-13
Let r be (-4 - -8) + 1 + 1. Let g(y) = 2*y**3 - 2*y + 7*y**2 - 6*y - 6 + 8 - 3*y**3. Calculate g(r).
-10
Let m(c) be the first derivative of 2/3*c**3 - 2*c**2 - 3*c - 1. Determine m(4).
13
Let c(q) be the third derivative of -q**6/120 + q**5/60 - q**4/24 + 7*q**3/3 - 7*q**2 + 16. Give c(0).
14
Let u(b) = 0 + b - 2*b + 5 + 5*b. Suppose -l - 5*o - 17 + 28 = 0, 9 = 3*o. Give u(l).
-11
Suppose 2*h - 28 - 12 = 0. Suppose h = 3*d + d. Suppose 5*o + 3*j + j + 22 = 0, 32 = -d*o + j. Let p(v) = v**3 + 7*v**2 + 5*v - 3. Determine p(o).
3
Suppose 179*g = 128*g. Let i(y) be the third derivative of 1/24*y**4 + g*y - 11/6*y**3 - 8*y**2 + 0. Give i(7).
-4
Let q(k) = k**3 - k - 1. Suppose 0 = 3*w + 3*d + 6 + 3, -2*w + 6 = -2*d. Calculate q(w).
-1
Let i(c) be the third derivative of -c**4/8 - 5*c**3/6 + 93*c**2 - c. Give i(-9).
22
Let n = -16 + 22. Let c(j) be the third derivative of j**4/8 - 3*j**3/2 - 5*j**2 - 4*j. Give c(n).
9
Let n(f) = -f - 5. Let s(m) = -4*m - 25 + 33 + 15 + 33. Let r be s(13). Calculate n(r).
-9
Let z(i) = -i**3 + i + 2. Let t = -25 + 28. Suppose 4*o - 12 = t*v, 0*o - 15 = -4*v - 5*o. Determine z(v).
2
Let v(u) = -u**2 + 9*u - 9. Let g be 16/(-6)*(-6)/(-2). Suppose 2*i + 4 = -0. Let o = i - g. What is v(o)?
9
Let d(l) be the third derivative of -l**6/120 - l**5/30 - l**4/12 - l**3/6 + 249*l**2. Give d(0).
-1
Let i(g) = 6*g - 9*g**2 + 21 - 17 + 10*g**2. Calculate i(-4).
-4
Let w(x) = -2*x - 14. Let a(m) = -m - 7. Let z(b) = -5*a(b) + 2*w(b). Let v be -3 + (3 + -10)/(-1). Suppose -7*g = -v*g. What is z(g)?
7
Suppose -9 = 3*j + 5*l, 3*j - l = l + 12. Suppose j*s = 5*s - 15. Suppose 0 = 4*t - s*d + 23, 1 = -t + 2*d - 7. Let n(h) = 4*h + 2. Determine n(t).
-6
Let s(m) be the first derivative of m**3/3 - 3*m**2 - 7*m - 4. Let d(a) be the first derivative of s(a). What is d(4)?
2
Let h = 11 + -10. Let a(v) = 7*v - 3. Let r be a(h). Let o(q) = -q**2 + q + 4. What is o(r)?
-8
Let d(y) = -y**2 - 12*y - 10. Suppose 4*x = 2*o, 5*x = -o + 2*x - 20. Calculate d(o).
22
Let y(g) = g**3 + g**2 - 2*g + 1. Let i = -77 + 80. Let r be 24/20 - (i + -2)/5. Give y(r).
1
Let x(h) be the third derivative of h**6/120 - h**5/12 - h**4/4 - h**3 - 149*h**2. Give x(6).
-6
Let r(b) = b**3 + 2*b**2 - 1. Let m be r(-1). Let y(v) = v**3 + v**2 - 2*v + 4. Let w be y(m). Let x(l) = -l**3 + 3*l**2 + 5*l. What is x(w)?
4
Let z(l) = -l - 6. Let s be 36/(-342) + ((-390)/(-95) - 0). Calculate z(s).
-10
Let d(u) be the third derivative of -1/2*u**3 + 0*u + 0 + 1/60*u**5 - u**2 - 1/6*u**4. Calculate d(4).
-3
Let q(y) = y**3 + y**2 - 6*y - 4. Suppose 0 = -z - 4, 4*p = 4*z - 5*z - 24. What is q(p)?
-74
Let u(j) = -2 - 9*j + 2*j**3 - j**3 + 5*j**2 + 6 + 3*j. Suppose 5*i - 12 = -42. Calculate u(i).
4
Let q(f) = f + 108*f**3 + 108*f**3 - 212*f**3 + 1 + 1 + 3*f**2. Calculate q(-2).
-20
Let z(i) = -2 - 5 - 3 + 10 + 1 + 2*i + 16*i**2. Give z(-1).
15
Let